ivided by 18?
17
Suppose -y - 7 + 3 = -f, 0 = 2*y - f + 4. Suppose y = 2*z - 197 - 51. What is the remainder when z is divided by 25?
24
Let c(o) = -o**3 + 14*o**2 - 11*o - 16. Let r be c(13). Let k = r - 6. Suppose 0 = -k*y + 105 - 1. What is the remainder when y is divided by 14?
12
Suppose 0 = 5*v + f - 873, 12*v - 16*v = 2*f - 696. Calculate the remainder when v is divided by 39.
19
Let j(n) = 45*n - 31. Let r be j(6). Suppose 8*b - 73 = r. Calculate the remainder when 152 is divided by b.
35
Suppose 0 = 3*i + 12, 72 = 3*o + 10*i - 13*i. Let n = -8 + o. What is the remainder when 32 is divided by n?
8
Let n = 20 - -20. Let c = -34 + n. What is the remainder when 10 is divided by c?
4
Let p = 662 - -146. Calculate the remainder when p is divided by 28.
24
Suppose -2*n - 164 = -6*n. Suppose 184 = 2*w + 12. Let o = w - 72. What is the remainder when n is divided by o?
13
Suppose -4*b - 14 = 2, -4*b + 86 = 2*a. Calculate the remainder when a is divided by 29.
22
Let n be 3 + (-3 - (3 + -3)). Let o(h) = -h**3 + h**2 - h + 6. What is the remainder when 21 is divided by o(n)?
3
Let f(q) = q**3 + 4*q**2 - q. Let t be f(-4). Suppose -4*u = u - t*d + 109, -4*u - 4*d = 116. Let n = 44 + u. Calculate the remainder when n is divided by 7.
5
Let x(q) be the third derivative of 7*q**6/40 + q**5/60 - q**4/24 + q**3/6 - 7*q**2. Suppose r - 41 - 22 = 0. Calculate the remainder when r is divided by x(1).
19
Suppose -4*f - 5 = -3*f. Calculate the remainder when 1*(0 + -1 - -18) is divided by ((-5)/f)/(4/40).
7
Let y = 70 + -69. Calculate the remainder when 3 is divided by y.
0
Suppose -19*m = -14*m - 335. What is the remainder when m is divided by 14?
11
Let t(k) = -k**3 + 21*k**2 + 6. Suppose f + 4*c - 3 = 10, -2*f - 4*c + 30 = 0. What is the remainder when f is divided by t(21)?
5
Suppose 0 = -2*t - 5 + 1, 0 = -u - 2*t - 45. Let x = 105 + u. Calculate the remainder when x is divided by 22.
20
Let d(r) = r + 4. Let o be 0 - (0 - -3 - 6). Suppose -o*y + 81 = 3. What is the remainder when y is divided by d(3)?
5
Suppose l = 4*l - 129. Let r = 2 - -7. Calculate the remainder when l is divided by r.
7
Let l(m) = m**3 - 7*m**2 + 10*m - 8. Suppose -5*a + 30 = -0. What is the remainder when l(6) is divided by a?
4
Suppose -4*b = -k - 44, 3*k + 15 = 4*b - 21. What is the remainder when 34 is divided by b?
10
Suppose s + 7 = 4. Let t be (4 - 1)*(-5)/s. Suppose 2*x - x - 14 = -2*c, 3*c - t*x + 5 = 0. Calculate the remainder when 17 is divided by c.
2
Let w = -179 - -51. Let p = -54 - w. Calculate the remainder when p is divided by 19.
17
Let d(l) = -80*l + 5. What is the remainder when d(-3) is divided by 62?
59
Let i = -172 + 628. Calculate the remainder when i is divided by 17.
14
Let y = -107 + 155. What is the remainder when y is divided by 13?
9
Let x = 133 + -56. Calculate the remainder when 50 is divided by -1*1/(-6) - x/(-6).
11
Suppose 71*q = 74*q - 3057. What is the remainder when q is divided by 11?
7
Suppose 26 + 106 = 2*m. Let w(s) = 8*s**2 - 5*s - 4. Let a be w(-3). Suppose -4*x + 4 = 0, 0 = -i - 4*i + 2*x + a. What is the remainder when m is divided by i?
15
Let r = 138 + -96. Suppose -2*a + r - 10 = 0. What is the remainder when 342/8 + 4/a is divided by 9?
7
Let q(i) = -21*i**3 - i**2 - 5*i - 4. What is the remainder when 40 is divided by q(-1)?
19
Suppose -7*j - j - 184 = 0. Let g = j - -25. What is the remainder when 4 is divided by g?
0
Let n = -374 - -486. Calculate the remainder when n is divided by 24.
16
Let z(b) = -64*b - 17. Calculate the remainder when 140 is divided by z(-1).
46
Let l(d) = d + 1. Let o be l(3). Suppose -o*p - 3 = 1, -2*i + 99 = p. Calculate the remainder when i is divided by 13.
11
Suppose w - 12 = -2*f + 21, -w = -2*f + 31. Calculate the remainder when 24 is divided by f.
8
Let q = -2 - -2. Suppose 5*m = -3*i + 296, q*m + m - 508 = -5*i. What is the remainder when i is divided by (-2)/(-5) + (-384)/(-15)?
24
What is the remainder when 17 + -20 + (2 + 0 - -77) is divided by 27?
22
Suppose 8*j - 100 = 12. Suppose 5*l + 4 - 49 = 0. Calculate the remainder when j is divided by l.
5
Calculate the remainder when 11 is divided by 8*1 + -10*2/5.
3
Let j(o) = -o**3 + 23*o**2 + 29*o + 29. What is the remainder when j(24) is divided by 66?
17
Let s(c) = 7*c - 4. Let v be s(11). Let k = v + -46. Let q = -13 + 23. Calculate the remainder when k is divided by q.
7
Let p(c) = 20*c**2 - c + 3. Let k be p(3). What is the remainder when 16 is divided by k/24*(-12)/(-10)?
7
Let m(l) = -l**3 + 25*l**2 - 31*l - 4. Calculate the remainder when m(23) is divided by 86.
83
Let o = 44 + -41. Suppose 4*b + b = -l + 61, o*l = -2*b + 27. Calculate the remainder when 47 is divided by b.
11
Suppose 23*b - 1529 = -333. What is the remainder when 173 is divided by b?
17
Suppose -4*i + 12 = -8*i, 3*c + i - 126 = 0. Calculate the remainder when 95 is divided by c.
9
Let k = 797 - 380. What is the remainder when k is divided by 42?
39
Calculate the remainder when 152 is divided by 1/(-23*(-2)/(-47) - -1).
11
Suppose 0 = -5*g + g + 32. Let t(u) = u**2 + 6*u + 15. Let b(l) = 3*l + 11. Let v be b(-6). Calculate the remainder when t(v) is divided by g.
6
Let o(u) be the first derivative of 0*u**2 + 3*u**3 + 4 + 5*u - 1/4*u**4. Calculate the remainder when 19 is divided by o(9).
4
Let j(u) = -u + 4. Let w be j(-4). Let o(c) = -c**2 + c + 10. Let r be o(-4). What is the remainder when w/r*50/(-4) is divided by 3?
1
Suppose 162 = -6*m + 9*m - 3*s, -3*s = -2*m + 110. Calculate the remainder when 259 is divided by m.
51
Let f be 106/(6/15*5). Let t = -23 + f. Calculate the remainder when t is divided by 11.
8
Suppose 9*h - 4*m + 1146 = 11*h, -5*m = -5*h + 2865. What is the remainder when h is divided by 41?
40
Suppose 2*q + 4*w - 180 = 0, -2*w + 6*w + 188 = 2*q. Suppose 0 = -26*i + 18*i + 152. What is the remainder when q is divided by i?
16
What is the remainder when (117/(-26))/(1/(-14)) is divided by ((-2)/(-4))/(10/440)?
19
Suppose -3*b - 151 = -3*t + t, 4*t - 317 = b. Suppose 2*h = -c + 19, -2*h - 2*h + 113 = 5*c. What is the remainder when 738/10 - (-16)/t is divided by c?
24
Suppose -20*j + 22*j - 1006 = -2*q, -503 = -j - 3*q. Calculate the remainder when j is divided by 36.
35
Let s = 9 - 6. Suppose 5*z + p - 6 = 7, 3 = -3*z + 3*p. Let o = z + 3. Calculate the remainder when o is divided by s.
2
Let g(n) = -n**3 + 25*n**2 - 20*n - 71. Calculate the remainder when g(23) is divided by 44.
43
Let q(u) = u - 1. Let i(f) = f**2 + 17*f - 10. Let n(k) = -i(k) + 2*q(k). Calculate the remainder when n(-7) is divided by 22.
20
Suppose 5*f + 2*d - 18 - 33 = 0, 3*d + 6 = 0. Suppose -183 = -4*t - f. Let b = t + -24. What is the remainder when 73 is divided by b?
16
Let j(l) = l**3 - 5*l**2 - 5*l - 4. Let a be j(6). What is the remainder when (-18)/(-15)*5*4 is divided by -3 - -1 - (-13 - a)?
11
Suppose -u - 2*h = u - 1054, 4*u - h - 2103 = 0. What is the remainder when u is divided by 88?
86
Suppose -5*a + 3*a = -j + 67, j = -3*a - 113. Let m(c) = c**3 - 4*c**2 + 2*c + 1. Let v be m(3). What is the remainder when (a/5)/(v/10) is divided by 13?
10
Let v(a) = 5*a - 10. Let w(f) = 2*f**2 + f - 7. Let j be w(-3). Let h = 15 - j. What is the remainder when v(6) is divided by h?
6
Suppose 2*z - 4*l - 56 = 0, l + 4*l = -5. Calculate the remainder when 50 is divided by z.
24
Let w(d) = 10*d - 15. Let g be (-3)/(2 - 4/8). Calculate the remainder when w(4) is divided by ((-13)/g)/(1/2).
12
Suppose -4*d - 30 = -q, 0 = q + 4*q + 4*d - 30. Suppose q*z - 69 = 7*z. What is the remainder when 89 is divided by z?
20
Suppose -42 = -51*r + 57*r. Let v(d) be the third derivative of -d**4/12 + d**3 + d**2. What is the remainder when v(r) is divided by 12?
8
Let p = 51 + -15. Suppose -8*q = -9*q + 12. What is the remainder when (-9)/p - 85/(-4) is divided by q?
9
Suppose 2 = 19*g - 18*g. Calculate the remainder when (-564)/(-4) - 10/g is divided by 14.
10
Suppose -16*z = -31*z + 120. Let c = 76 - 52. Suppose 2*f - 2 = c. What is the remainder when f is divided by z?
5
Let l(c) = c**3 + 14*c**2 + 10*c - 51. Calculate the remainder when l(-11) is divided by 51.
49
Suppose -73*k - 309 = -5200. Let s = -68 + 119. Suppose 4*c - s = c. What is the remainder when k is divided by c?
16
Suppose s 